{"id":79,"date":"2026-03-20T00:44:31","date_gmt":"2026-03-19T23:44:31","guid":{"rendered":"http:\/\/zloteziarno.pl\/?page_id=79"},"modified":"2026-03-20T00:55:36","modified_gmt":"2026-03-19T23:55:36","slug":"zlote-ziarno-kawa-ziarnista-bronze","status":"publish","type":"page","link":"https:\/\/zloteziarno.pl\/?page_id=79","title":{"rendered":"Z\u0142ote Ziarno &#8211; kawa ziarnista Bronze"},"content":{"rendered":"\n<blockquote class=\"wp-block-quote is-layout-flow wp-block-quote-is-layout-flow\">\n<p class=\"has-text-align-center\"><strong>KAWA RZEMIE\u015aLNICZA<\/strong><\/p>\n<\/blockquote>\n\n\n\n<div class=\"wp-block-media-text is-stacked-on-mobile\"><figure class=\"wp-block-media-text__media\"><img fetchpriority=\"high\" decoding=\"async\" width=\"826\" height=\"1000\" src=\"http:\/\/zloteziarno.pl\/wp-content\/uploads\/2026\/03\/Vw_BRONZE2.jpg\" alt=\"\" class=\"wp-image-80 size-full\" srcset=\"https:\/\/zloteziarno.pl\/wp-content\/uploads\/2026\/03\/Vw_BRONZE2.jpg 826w, https:\/\/zloteziarno.pl\/wp-content\/uploads\/2026\/03\/Vw_BRONZE2-248x300.jpg 248w, https:\/\/zloteziarno.pl\/wp-content\/uploads\/2026\/03\/Vw_BRONZE2-768x930.jpg 768w\" sizes=\"(max-width: 826px) 100vw, 826px\" \/><\/figure><div class=\"wp-block-media-text__content\">\n<p>       Rzemie\u015blnicze palenie ziarna odbywa si\u0119 du\u017co wolniej i w ni\u017cszej temperaturze ni\u017c podczas produkcji na skal\u0119 przemys\u0142ow\u0105. Ziarna palimy na matowy, kakaowy kolor \u2013 dzi\u0119ki temu t\u0142uszcz, kt\u00f3ry jest no\u015bnikiem smaku i aromatu, pozostaje wewn\u0105trz i jest uwalniany dopiero podczas parzenia kawy. W mieszance o wyrazistym, intensywnym i bogatym smaku ciemnej czekolady oraz miodowej s\u0142odyczy i kakao. Nad jej paleniem czuwaj\u0105 wyspecjalizowani eksperci, a ca\u0142y proces produkcji odbywa si\u0119 w Polsce. Wyb\u00f3r ziaren do mieszanki poprzedzony jest starann\u0105 ocen\u0105 jako\u015bci pr\u00f3bek.<\/p>\n\n\n\n<p><\/p>\n\n\n\n<p><strong>KAWA ZIARNISTA PALONA &#8211; BRONZE<br>50% ARABIKA &#8211; Brazylia<br>50% ROBUSTA &#8211; Indie<\/strong><\/p>\n\n\n\n<p><\/p>\n\n\n\n<div class=\"wp-block-columns is-layout-flex wp-container-core-columns-is-layout-28f84493 wp-block-columns-is-layout-flex\">\n<div class=\"wp-block-column is-layout-flow wp-block-column-is-layout-flow\" style=\"flex-basis:100%\">\n<P>INTENSYWNOS\u0106 <img decoding=\"async\" src=\"http:\/\/zloteziarno.pl\/wp-content\/uploads\/2026\/02\/FULL_DOT.png\" alt=\"Z\u0142oteZiarnoFullDot\" width=\"25\" height=\"25\"> <img decoding=\"async\" src=\"http:\/\/zloteziarno.pl\/wp-content\/uploads\/2026\/02\/FULL_DOT.png\" alt=\"Z\u0142oteZiarnoFullDot\" width=\"25\" height=\"25\"> <img decoding=\"async\" src=\"http:\/\/zloteziarno.pl\/wp-content\/uploads\/2026\/02\/FULL_DOT.png\" alt=\"Z\u0142oteZiarnoFullDot\" width=\"25\" height=\"25\"> <img decoding=\"async\" src=\"http:\/\/zloteziarno.pl\/wp-content\/uploads\/2026\/02\/FULL_DOT.png\" alt=\"Z\u0142oteZiarnoFullDot\" width=\"25\" height=\"25\"><img decoding=\"async\" src=\"http:\/\/zloteziarno.pl\/wp-content\/uploads\/2026\/02\/EMPTY_DOT.png\" alt=\"Z\u0142oteZiarnoFullDot\" width=\"25\" height=\"25\"> <\/P>\n\n\n\n<P>GORYCZ     <img loading=\"lazy\" STYLE=\"MARGIN-LEFT:57PX;\"src=\"http:\/\/zloteziarno.pl\/wp-content\/uploads\/2026\/02\/FULL_DOT.png\" alt=\"Z\u0142oteZiarnoFullDot\" width=\"25\" height=\"25\"> <img decoding=\"async\" src=\"http:\/\/zloteziarno.pl\/wp-content\/uploads\/2026\/02\/FULL_DOT.png\" alt=\"Z\u0142oteZiarnoFullDot\" width=\"25\" height=\"25\"> <img decoding=\"async\" src=\"http:\/\/zloteziarno.pl\/wp-content\/uploads\/2026\/02\/FULL_DOT.png\" alt=\"Z\u0142oteZiarnoFullDot\" width=\"25\" height=\"25\"> <img decoding=\"async\" src=\"http:\/\/zloteziarno.pl\/wp-content\/uploads\/2026\/02\/EMPTY_DOT.png\" alt=\"Z\u0142oteZiarnoFullDot\" width=\"25\" height=\"25\"><img decoding=\"async\" src=\"http:\/\/zloteziarno.pl\/wp-content\/uploads\/2026\/02\/EMPTY_DOT.png\" alt=\"Z\u0142oteZiarnoFullDot\" width=\"25\" height=\"25\"> <\/P>\n\n\n\n<P>KWASOWO\u015a\u0106 <img loading=\"lazy\" decoding=\"async\" STYLE=\"MARGIN-LEFT:15PX;\" src=\"http:\/\/zloteziarno.pl\/wp-content\/uploads\/2026\/02\/FULL_DOT.png\" alt=\"Z\u0142oteZiarnoFullDot\" width=\"25\" height=\"25\"> <img decoding=\"async\" src=\"http:\/\/zloteziarno.pl\/wp-content\/uploads\/2026\/02\/EMPTY_DOT.png\" alt=\"Z\u0142oteZiarnoFullDot\" width=\"25\" height=\"25\"> <img decoding=\"async\" src=\"http:\/\/zloteziarno.pl\/wp-content\/uploads\/2026\/02\/EMPTY_DOT.png\" alt=\"Z\u0142oteZiarnoFullDot\" width=\"25\" height=\"25\"> <img decoding=\"async\" src=\"http:\/\/zloteziarno.pl\/wp-content\/uploads\/2026\/02\/EMPTY_DOT.png\" alt=\"Z\u0142oteZiarnoFullDot\" width=\"25\" height=\"25\"><img decoding=\"async\" src=\"http:\/\/zloteziarno.pl\/wp-content\/uploads\/2026\/02\/EMPTY_DOT.png\" alt=\"Z\u0142oteZiarnoFullDot\" width=\"25\" height=\"25\"> <\/P>\n\n\n\n<P>S\u0141ODYCZ     <img loading=\"lazy\" STYLE=\"MARGIN-LEFT:53PX;\"src=\"http:\/\/zloteziarno.pl\/wp-content\/uploads\/2026\/02\/FULL_DOT.png\" alt=\"Z\u0142oteZiarnoFullDot\" width=\"25\" height=\"25\"> <img decoding=\"async\" src=\"http:\/\/zloteziarno.pl\/wp-content\/uploads\/2026\/02\/FULL_DOT.png\" alt=\"Z\u0142oteZiarnoFullDot\" width=\"25\" height=\"25\"> <img decoding=\"async\" src=\"http:\/\/zloteziarno.pl\/wp-content\/uploads\/2026\/02\/FULL_DOT.png\" alt=\"Z\u0142oteZiarnoFullDot\" width=\"25\" height=\"25\"> <img decoding=\"async\" src=\"http:\/\/zloteziarno.pl\/wp-content\/uploads\/2026\/02\/EMPTY_DOT.png\" alt=\"Z\u0142oteZiarnoFullDot\" width=\"25\" height=\"25\"><img decoding=\"async\" src=\"http:\/\/zloteziarno.pl\/wp-content\/uploads\/2026\/02\/EMPTY_DOT.png\" alt=\"Z\u0142oteZiarnoFullDot\" width=\"25\" height=\"25\"> <\/P>\n<\/div>\n<\/div>\n<\/div><\/div>\n","protected":false},"excerpt":{"rendered":"<p>KAWA RZEMIE\u015aLNICZA<\/p>\n","protected":false},"author":1,"featured_media":0,"parent":0,"menu_order":0,"comment_status":"closed","ping_status":"closed","template":"","meta":{"footnotes":""},"class_list":["post-79","page","type-page","status-publish","hentry"],"yoast_head":"<!-- This site is optimized with the Yoast SEO plugin v26.0 - https:\/\/yoast.com\/wordpress\/plugins\/seo\/ -->\n<title>Z\u0142ote Ziarno - kawa ziarnista Bronze - Z\u0142ote Ziarno<\/title>\n<meta name=\"robots\" content=\"index, follow, max-snippet:-1, max-image-preview:large, max-video-preview:-1\" \/>\n<link rel=\"canonical\" href=\"http:\/\/zloteziarno.pl\/?page_id=79\" \/>\n<meta property=\"og:locale\" content=\"pl_PL\" \/>\n<meta property=\"og:type\" content=\"article\" \/>\n<meta property=\"og:title\" content=\"Z\u0142ote Ziarno - kawa ziarnista Bronze - Z\u0142ote Ziarno\" \/>\n<meta property=\"og:description\" content=\"KAWA RZEMIE\u015aLNICZA\" \/>\n<meta property=\"og:url\" content=\"http:\/\/zloteziarno.pl\/?page_id=79\" \/>\n<meta property=\"og:site_name\" content=\"Z\u0142ote Ziarno\" \/>\n<meta property=\"article:modified_time\" content=\"2026-03-19T23:55:36+00:00\" \/>\n<meta property=\"og:image\" content=\"http:\/\/zloteziarno.pl\/wp-content\/uploads\/2026\/03\/Vw_BRONZE2.jpg\" \/>\n<meta name=\"twitter:card\" content=\"summary_large_image\" \/>\n<meta name=\"twitter:label1\" content=\"Szacowany czas czytania\" \/>\n\t<meta name=\"twitter:data1\" content=\"1 minuta\" \/>\n<script type=\"application\/ld+json\" class=\"yoast-schema-graph\">{\"@context\":\"https:\/\/schema.org\",\"@graph\":[{\"@type\":\"WebPage\",\"@id\":\"http:\/\/zloteziarno.pl\/?page_id=79\",\"url\":\"http:\/\/zloteziarno.pl\/?page_id=79\",\"name\":\"Z\u0142ote Ziarno - kawa ziarnista Bronze - Z\u0142ote Ziarno\",\"isPartOf\":{\"@id\":\"https:\/\/zloteziarno.pl\/#website\"},\"primaryImageOfPage\":{\"@id\":\"http:\/\/zloteziarno.pl\/?page_id=79#primaryimage\"},\"image\":{\"@id\":\"http:\/\/zloteziarno.pl\/?page_id=79#primaryimage\"},\"thumbnailUrl\":\"http:\/\/zloteziarno.pl\/wp-content\/uploads\/2026\/03\/Vw_BRONZE2.jpg\",\"datePublished\":\"2026-03-19T23:44:31+00:00\",\"dateModified\":\"2026-03-19T23:55:36+00:00\",\"breadcrumb\":{\"@id\":\"http:\/\/zloteziarno.pl\/?page_id=79#breadcrumb\"},\"inLanguage\":\"pl-PL\",\"potentialAction\":[{\"@type\":\"ReadAction\",\"target\":[\"http:\/\/zloteziarno.pl\/?page_id=79\"]}]},{\"@type\":\"ImageObject\",\"inLanguage\":\"pl-PL\",\"@id\":\"http:\/\/zloteziarno.pl\/?page_id=79#primaryimage\",\"url\":\"https:\/\/zloteziarno.pl\/wp-content\/uploads\/2026\/03\/Vw_BRONZE2.jpg\",\"contentUrl\":\"https:\/\/zloteziarno.pl\/wp-content\/uploads\/2026\/03\/Vw_BRONZE2.jpg\",\"width\":826,\"height\":1000},{\"@type\":\"BreadcrumbList\",\"@id\":\"http:\/\/zloteziarno.pl\/?page_id=79#breadcrumb\",\"itemListElement\":[{\"@type\":\"ListItem\",\"position\":1,\"name\":\"Home\",\"item\":\"https:\/\/zloteziarno.pl\/\"},{\"@type\":\"ListItem\",\"position\":2,\"name\":\"Z\u0142ote Ziarno &#8211; kawa ziarnista Bronze\"}]},{\"@type\":\"WebSite\",\"@id\":\"https:\/\/zloteziarno.pl\/#website\",\"url\":\"https:\/\/zloteziarno.pl\/\",\"name\":\"Z\u0142ote Ziarno\",\"description\":\"Odkryj magi\u0119 kawy. Twoja chwila przyjemno\u015bci.\",\"potentialAction\":[{\"@type\":\"SearchAction\",\"target\":{\"@type\":\"EntryPoint\",\"urlTemplate\":\"https:\/\/zloteziarno.pl\/?s={search_term_string}\"},\"query-input\":{\"@type\":\"PropertyValueSpecification\",\"valueRequired\":true,\"valueName\":\"search_term_string\"}}],\"inLanguage\":\"pl-PL\"}]}<\/script>\n<!-- \/ Yoast SEO plugin. -->","yoast_head_json":{"title":"Z\u0142ote Ziarno - kawa ziarnista Bronze - Z\u0142ote Ziarno","robots":{"index":"index","follow":"follow","max-snippet":"max-snippet:-1","max-image-preview":"max-image-preview:large","max-video-preview":"max-video-preview:-1"},"canonical":"http:\/\/zloteziarno.pl\/?page_id=79","og_locale":"pl_PL","og_type":"article","og_title":"Z\u0142ote Ziarno - kawa ziarnista Bronze - Z\u0142ote Ziarno","og_description":"KAWA RZEMIE\u015aLNICZA","og_url":"http:\/\/zloteziarno.pl\/?page_id=79","og_site_name":"Z\u0142ote Ziarno","article_modified_time":"2026-03-19T23:55:36+00:00","og_image":[{"url":"http:\/\/zloteziarno.pl\/wp-content\/uploads\/2026\/03\/Vw_BRONZE2.jpg","type":"","width":"","height":""}],"twitter_card":"summary_large_image","twitter_misc":{"Szacowany czas czytania":"1 minuta"},"schema":{"@context":"https:\/\/schema.org","@graph":[{"@type":"WebPage","@id":"http:\/\/zloteziarno.pl\/?page_id=79","url":"http:\/\/zloteziarno.pl\/?page_id=79","name":"Z\u0142ote Ziarno - kawa ziarnista Bronze - Z\u0142ote Ziarno","isPartOf":{"@id":"https:\/\/zloteziarno.pl\/#website"},"primaryImageOfPage":{"@id":"http:\/\/zloteziarno.pl\/?page_id=79#primaryimage"},"image":{"@id":"http:\/\/zloteziarno.pl\/?page_id=79#primaryimage"},"thumbnailUrl":"http:\/\/zloteziarno.pl\/wp-content\/uploads\/2026\/03\/Vw_BRONZE2.jpg","datePublished":"2026-03-19T23:44:31+00:00","dateModified":"2026-03-19T23:55:36+00:00","breadcrumb":{"@id":"http:\/\/zloteziarno.pl\/?page_id=79#breadcrumb"},"inLanguage":"pl-PL","potentialAction":[{"@type":"ReadAction","target":["http:\/\/zloteziarno.pl\/?page_id=79"]}]},{"@type":"ImageObject","inLanguage":"pl-PL","@id":"http:\/\/zloteziarno.pl\/?page_id=79#primaryimage","url":"https:\/\/zloteziarno.pl\/wp-content\/uploads\/2026\/03\/Vw_BRONZE2.jpg","contentUrl":"https:\/\/zloteziarno.pl\/wp-content\/uploads\/2026\/03\/Vw_BRONZE2.jpg","width":826,"height":1000},{"@type":"BreadcrumbList","@id":"http:\/\/zloteziarno.pl\/?page_id=79#breadcrumb","itemListElement":[{"@type":"ListItem","position":1,"name":"Home","item":"https:\/\/zloteziarno.pl\/"},{"@type":"ListItem","position":2,"name":"Z\u0142ote Ziarno &#8211; kawa ziarnista Bronze"}]},{"@type":"WebSite","@id":"https:\/\/zloteziarno.pl\/#website","url":"https:\/\/zloteziarno.pl\/","name":"Z\u0142ote Ziarno","description":"Odkryj magi\u0119 kawy. Twoja chwila przyjemno\u015bci.","potentialAction":[{"@type":"SearchAction","target":{"@type":"EntryPoint","urlTemplate":"https:\/\/zloteziarno.pl\/?s={search_term_string}"},"query-input":{"@type":"PropertyValueSpecification","valueRequired":true,"valueName":"search_term_string"}}],"inLanguage":"pl-PL"}]}},"_links":{"self":[{"href":"https:\/\/zloteziarno.pl\/index.php?rest_route=\/wp\/v2\/pages\/79","targetHints":{"allow":["GET"]}}],"collection":[{"href":"https:\/\/zloteziarno.pl\/index.php?rest_route=\/wp\/v2\/pages"}],"about":[{"href":"https:\/\/zloteziarno.pl\/index.php?rest_route=\/wp\/v2\/types\/page"}],"author":[{"embeddable":true,"href":"https:\/\/zloteziarno.pl\/index.php?rest_route=\/wp\/v2\/users\/1"}],"replies":[{"embeddable":true,"href":"https:\/\/zloteziarno.pl\/index.php?rest_route=%2Fwp%2Fv2%2Fcomments&post=79"}],"version-history":[{"count":1,"href":"https:\/\/zloteziarno.pl\/index.php?rest_route=\/wp\/v2\/pages\/79\/revisions"}],"predecessor-version":[{"id":81,"href":"https:\/\/zloteziarno.pl\/index.php?rest_route=\/wp\/v2\/pages\/79\/revisions\/81"}],"wp:attachment":[{"href":"https:\/\/zloteziarno.pl\/index.php?rest_route=%2Fwp%2Fv2%2Fmedia&parent=79"}],"curies":[{"name":"wp","href":"https:\/\/api.w.org\/{rel}","templated":true}]}}